{"version":"1.0","provider_name":"kobold-grafik","provider_url":"https:\/\/www.uwekobold.de\/en","author_name":"Uwe Kobold","author_url":"https:\/\/www.uwekobold.de\/en\/author\/koboldu\/","title":"L\u00f6cher im Licht April 2025 - kobold-grafik","type":"rich","width":600,"height":338,"html":"<blockquote class=\"wp-embedded-content\" data-secret=\"yghcK1tv8H\"><a href=\"https:\/\/www.uwekobold.de\/en\/2025\/04\/09\/loecher-im-licht\/\">L\u00f6cher im Licht April 2025<\/a><\/blockquote><iframe sandbox=\"allow-scripts\" security=\"restricted\" src=\"https:\/\/www.uwekobold.de\/en\/2025\/04\/09\/loecher-im-licht\/embed\/#?secret=yghcK1tv8H\" width=\"600\" height=\"338\" title=\"&#8220;L\u00f6cher im Licht April 2025&#8221; &#8212; kobold-grafik\" data-secret=\"yghcK1tv8H\" frameborder=\"0\" marginwidth=\"0\" marginheight=\"0\" scrolling=\"no\" class=\"wp-embedded-content\"><\/iframe><script type=\"text\/javascript\">\n\/* <![CDATA[ *\/\n\/*! This file is auto-generated *\/\n!function(d,l){\"use strict\";l.querySelector&&d.addEventListener&&\"undefined\"!=typeof URL&&(d.wp=d.wp||{},d.wp.receiveEmbedMessage||(d.wp.receiveEmbedMessage=function(e){var t=e.data;if((t||t.secret||t.message||t.value)&&!\/[^a-zA-Z0-9]\/.test(t.secret)){for(var s,r,n,a=l.querySelectorAll('iframe[data-secret=\"'+t.secret+'\"]'),o=l.querySelectorAll('blockquote[data-secret=\"'+t.secret+'\"]'),c=new RegExp(\"^https?:$\",\"i\"),i=0;i<o.length;i++)o[i].style.display=\"none\";for(i=0;i<a.length;i++)s=a[i],e.source===s.contentWindow&&(s.removeAttribute(\"style\"),\"height\"===t.message?(1e3<(r=parseInt(t.value,10))?r=1e3:~~r<200&&(r=200),s.height=r):\"link\"===t.message&&(r=new URL(s.getAttribute(\"src\")),n=new URL(t.value),c.test(n.protocol))&&n.host===r.host&&l.activeElement===s&&(d.top.location.href=t.value))}},d.addEventListener(\"message\",d.wp.receiveEmbedMessage,!1),l.addEventListener(\"DOMContentLoaded\",function(){for(var e,t,s=l.querySelectorAll(\"iframe.wp-embedded-content\"),r=0;r<s.length;r++)(t=(e=s[r]).getAttribute(\"data-secret\"))||(t=Math.random().toString(36).substring(2,12),e.src+=\"#?secret=\"+t,e.setAttribute(\"data-secret\",t)),e.contentWindow.postMessage({message:\"ready\",secret:t},\"*\")},!1)))}(window,document);\n\/\/# sourceURL=https:\/\/www.uwekobold.de\/wp-includes\/js\/wp-embed.min.js\n\/* ]]> *\/\n<\/script>","description":"taubenturm_diessen Willkommen zur Ausstellungssaison 2025! Wir freuen uns auf ein spannendes Jubil\u00e4umsjahr mit Ihnen und starten mit einer vielf\u00e4ltigen Gruppenausstellung, kuratiert von Martin Gensbaur, Kunstfenster Die\u00dfen. L\u00d6CHER IM LICHT Zeitgen\u00f6ssische K\u00fcnstler*innen und das Phanomen des Schattens 25. April &#8211; 4. Mai 2025 Eroffnung: 25. April, 19:30 Uhr Offnungszeiten: Sa &amp; So, 14 &#8211; 18 Uhr...","thumbnail_url":"http:\/\/www.uwekobold.de\/wp-content\/uploads\/2025\/04\/IMG_7231-974x2048.jpeg"}

Löcher im Licht April 2025 - kobold-grafik

<blockquote class="wp-embedded-content" data-secret="yghcK1tv8H"><a href="https://www.uwekobold.de/en/2025/04/09/loecher-im-licht/">Löcher im Licht April 2025</a></blockquote><iframe sandbox="allow-scripts" security="restricted" src="https://www.uwekobold.de/en/2025/04/09/loecher-im-licht/embed/#?secret=yghcK1tv8H" width="600" height="338" title="&#8220;Löcher im Licht April 2025&#8221; &#8212; kobold-grafik" data-secret="yghcK1tv8H" frameborder="0" marginwidth="0" marginheight="0" scrolling="no" class="wp-embedded-content"></iframe><script type="text/javascript">
/* <![CDATA[ */
/*! This file is auto-generated */
!function(d,l){"use strict";l.querySelector&&d.addEventListener&&"undefined"!=typeof URL&&(d.wp=d.wp||{},d.wp.receiveEmbedMessage||(d.wp.receiveEmbedMessage=function(e){var t=e.data;if((t||t.secret||t.message||t.value)&&!/[^a-zA-Z0-9]/.test(t.secret)){for(var s,r,n,a=l.querySelectorAll('iframe[data-secret="'+t.secret+'"]'),o=l.querySelectorAll('blockquote[data-secret="'+t.secret+'"]'),c=new RegExp("^https?:$","i"),i=0;i<o.length;i++)o[i].style.display="none";for(i=0;i<a.length;i++)s=a[i],e.source===s.contentWindow&&(s.removeAttribute("style"),"height"===t.message?(1e3<(r=parseInt(t.value,10))?r=1e3:~~r<200&&(r=200),s.height=r):"link"===t.message&&(r=new URL(s.getAttribute("src")),n=new URL(t.value),c.test(n.protocol))&&n.host===r.host&&l.activeElement===s&&(d.top.location.href=t.value))}},d.addEventListener("message",d.wp.receiveEmbedMessage,!1),l.addEventListener("DOMContentLoaded",function(){for(var e,t,s=l.querySelectorAll("iframe.wp-embedded-content"),r=0;r<s.length;r++)(t=(e=s[r]).getAttribute("data-secret"))||(t=Math.random().toString(36).substring(2,12),e.src+="#?secret="+t,e.setAttribute("data-secret",t)),e.contentWindow.postMessage({message:"ready",secret:t},"*")},!1)))}(window,document);
//# sourceURL=https://www.uwekobold.de/wp-includes/js/wp-embed.min.js
/* ]]> */
</script>

taubenturm_diessen Willkommen zur Ausstellungssaison 2025! Wir freuen uns auf ein spannendes Jubiläumsjahr mit Ihnen und starten mit einer vielfältigen Gruppenausstellung, kuratiert von Martin Gensbaur, Kunstfenster Dießen. LÖCHER IM LICHT Zeitgenössische Künstler*innen und das Phanomen des Schattens 25. April &#8211; 4. Mai 2025 Eroffnung: 25. April, 19:30 Uhr Offnungszeiten: Sa &amp; So, 14 &#8211; 18 Uhr...
